 705 = t + 5*q, -455 = -3*t - o*q. What are the prime factors of t?
5, 29
Suppose -2*y - 3*h = -48, -h + 25 = y + h. List the prime factors of y.
3, 7
Let a = -14 + 18. Suppose -19 = -a*c + 5. Let p = c - -1. What are the prime factors of p?
7
Suppose 2*s + 1450 = 4*g, -s = -g + 3*g - 731. Suppose g = 6*r + 40. Suppose 5*v = -r + 134. List the prime factors of v.
2
Suppose -30 = -2*s - s. Suppose -5*t = s, 0*q - 19 = -3*q + 5*t. Suppose 3*a - q - 24 = 0. What are the prime factors of a?
3
Let g be 27 + 9/(6/2). Suppose -g = 4*r - 10*r. Suppose 3*c = r*k + 114, 5*k = -c - 0*k + 38. List the prime factors of c.
2, 19
Suppose 16691 + 4711 = 29*u. List the prime factors of u.
2, 3, 41
Let h(c) = -19*c**3 + 3*c**2 + 4*c + 2. Let l be h(-2). Suppose -5*s + 49 = -p, -4*p + p - l = -4*s. Let y = p - -76. What are the prime factors of y?
2, 11
Let w be 42/(-8)*(-24)/9 - 2. What are the prime factors of (-2)/((w/224)/(-3))?
2, 7
Let o(c) = -c + 8. Let s be o(4). Suppose -s*z + 6*z = 46. List the prime factors of z/3 + (-6)/9.
7
Let l = -1 - -8. Let t(c) = -c**2 - 7*c + l*c - 9*c - 12. List the prime factors of t(-5).
2
Suppose 10*b - 12*b = 54. List the prime factors of (3/(b/(-174)))/(5/45).
2, 3, 29
Let n = 43 - 40. Let i(q) = q**3 - 2*q**2 + 2*q + 3. List the prime factors of i(n).
2, 3
Let u(g) = -g**3 - 18*g**2 - 14*g + 25. Let n be u(-17). Let t = n - -48. What are the prime factors of t?
2, 11
Let u be 2/(2/(-12)*-4). Let z be -2 - (1 - u) - -1. List the prime factors of ((-3)/(-9))/(z/57).
19
Suppose -3*v + 5*k + 1 = -6, 4*v - 3*k = 13. Suppose -d = -3*c + 643, -9*c + 2*d = -v*c - 1073. What are the prime factors of c?
3, 71
Suppose 2*g - 5308 + 1592 = 0. List the prime factors of g.
2, 929
Let j = 87 - 167. Let w = 172 + j. List the prime factors of w.
2, 23
What are the prime factors of (-7)/70 - 19503/(-30)?
2, 5, 13
Suppose -8*z + 15 = -17. Suppose -496 = 2*l - z*l. What are the prime factors of l?
2, 31
Let n = -195 + 279. Suppose 9*q = -5*v + 4*q + 345, v - 2*q = n. List the prime factors of v.
2, 37
Let q be (70/30)/((-2)/(-6)). Suppose -q + 0 = -g. Let x(w) = -w**2 + 10*w + 3. What are the prime factors of x(g)?
2, 3
Let p = 244 - 19. What are the prime factors of p?
3, 5
Let l(n) = n - 6. Let r be l(-6). Let w = -11 - r. Let m(a) = 27*a - 2. List the prime factors of m(w).
5
Let p = 54 + 240. Suppose 3*r + 84 = p. What are the prime factors of r?
2, 5, 7
Suppose -3*a + 0*a + 760 = -2*c, 2*a = -4*c + 512. Suppose 5*q - a = 756. List the prime factors of q.
2, 101
Suppose 0 = -4*n + 4*j + 20, 2*n = -2*n - 5*j - 16. Let s(c) = 5*c**2 + 1. Let w be s(n). What are the prime factors of 41/w + 2/12?
7
Suppose 0 = 4*u + 3*w - 3572, -36*u - w = -40*u + 3588. List the prime factors of u.
2, 7
Suppose 2 = -x - 0. Let i be 4/14 - x/(-7). Suppose i = -0*n - 8*n + 176. What are the prime factors of n?
2, 11
Suppose -2*q + 12 = 4*y, 2*y - 7 = -3*q + 7. Let r(c) = 3*c**2 - 8*c - 1. List the prime factors of r(q).
3, 5
Suppose 2*j - u = 897, -18*j + 13*j = -2*u - 2245. What are the prime factors of j?
11, 41
Let r = -1155 - -1855. What are the prime factors of r?
2, 5, 7
Suppose 19 + 5 = 4*s. Let c be s/(2 - 1) - 2. Suppose c*i - 20 = -i. List the prime factors of i.
2
Suppose -5*q - 25 = -i - i, -4*i + 26 = -2*q. Suppose i*n + 299 = 3*y, -20 = -y - 3*n + 89. What are the prime factors of y?
103
Let f = -8 - -12. Suppose 2*o - 155 - 11 = -5*z, -4*z + 256 = 3*o. Suppose 0*u - f*u + o = 0. List the prime factors of u.
2, 11
Let i(m) = -2*m + 17. Let h = -12 - -33. Let v = 14 - h. List the prime factors of i(v).
31
Let y(w) = -64*w**3 - 2*w**2 - 2*w - 1. Let r be y(-1). Let c = 39 + -70. Let m = r + c. What are the prime factors of m?
2
Suppose 3445 - 17470 = -11*o. What are the prime factors of o?
3, 5, 17
Suppose -1579 = -x - 555. List the prime factors of x.
2
Suppose -772 = -j - 280. What are the prime factors of j?
2, 3, 41
Let k(y) = -5*y + 27. Let p be k(6). List the prime factors of (-6 + 0)/p - -31.
3, 11
Let y(c) = c**2 + 12*c + 9. Let x be y(-14). Let g = x + -8. Let k = g + -14. What are the prime factors of k?
3, 5
Let v(u) = 2*u + 6. Suppose 41 = 3*d + 8. Let t be 1*(d - (-1 - -4)). What are the prime factors of v(t)?
2, 11
List the prime factors of 7 + (1711 - -1) + 7.
2, 863
Let c(p) = -p**2 - 7*p - 3. Let h be c(-8). Let x = -6 - h. Suppose 2*j = -5*d + 54, -x*j + 15 = d - 6*j. What are the prime factors of d?
2, 3
Suppose 0 = 10*m - 22 + 2. Suppose 911 = 5*z - v, 2*z + m*z - 3*v - 731 = 0. What are the prime factors of z?
2, 7, 13
Let w(v) = -6*v**3 - 1. Let q be w(-1). Suppose -6 = -f - q*k, -4*f + 2*k + 13 = -3*f. What are the prime factors of f?
11
Suppose -m - 6*l + 4*l = -2793, -5*m = -4*l - 14035. List the prime factors of m.
2803
Suppose -3 = 3*f - 18. What are the prime factors of (-78)/15 + f - 102/(-10)?
2, 5
Let o(h) be the second derivative of h**6/72 - h**5/30 + h**4/3 + h. Let r(b) be the third derivative of o(b). List the prime factors of r(3).
2, 13
Let z(t) = -3*t**2 - 15*t + 5*t**2 + 20*t + 18 + 17*t. List the prime factors of z(-13).
2, 5, 7
Suppose 8*f + 84 = 12*f. Let n = -21 + f. Suppose n = 9*i - 5*i - 168. What are the prime factors of i?
2, 3, 7
Let g(w) = w. Let o be g(2). Suppose -o = -c - 6. What are the prime factors of ((-42)/c)/(12/32)?
2, 7
Suppose -42 = -4*f + 6. Let d = 46 + f. What are the prime factors of d?
2, 29
Let m = -4 - -7. Let i(v) = -m*v**2 + 2*v**2 - 1 - 1 - 8*v + 5. List the prime factors of i(-8).
3
Let y be ((-9)/9)/(2/(-78)). Let r = -9 + y. Suppose -22 = -2*q + r. List the prime factors of q.
2, 13
Let o be 1*2 + (-408)/4. List the prime factors of (-2)/(1 + o/96).
2, 3
Suppose 2*w - 8 = 0, -8 = -5*o - 0*w - 2*w. Suppose 2*i + o*i = 22. Suppose 3*u - i - 16 = 0. What are the prime factors of u?
3
Let d(k) = 244*k - 127. List the prime factors of d(4).
3, 283
Let w = 2243 - 1264. List the prime factors of w.
11, 89
Suppose 2 + 2 = 3*h - t, 7 = -h + 2*t. Suppose 85 = -5*g - 2*c + 810, 4*c = -h*g + 449. List the prime factors of g.
11, 13
Let u be (-95)/20 + 5 + (-1139)/(-4). Suppose -5*z = 3*c - 261, 0 = z - 6*z + 5*c + u. What are the prime factors of z?
2, 3
Suppose 0*o - 8 = o + j, 4*o = -j - 20. List the prime factors of -3 + (-16)/o + 48.
7
Suppose 0 = -4*y + 20, -7*o + 4*o - 4*y = 865. List the prime factors of (-4)/(-12) - o/15.
2, 5
Let f(w) be the third derivative of 3*w**4/8 + 3*w**3 - 4*w**2. List the prime factors of f(12).
2, 3, 7
Suppose 215*x + 39228 = 222*x. List the prime factors of x.
2, 3, 467
Suppose 1 = -4*c + 29. Let k be c/(-14)*8/(-1). Suppose r - k = -r. What are the prime factors of r?
2
Let f(u) = -u**3 - 24*u**2 + 16*u + 9. Suppose -3*z = 3*i + 14 + 70, -3*i + 2*z = 69. List the prime factors of f(i).
2, 3, 13
Suppose -21*u - 18383 = -52*u. What are the prime factors of u?
593
Let a = 4 - 4. Suppose 0 = 5*h + z - 211, -z - 83 = -2*h - a*z. What are the prime factors of (h/4)/((-3)/(-6))?
3, 7
What are the prime factors of 8/12 - (5 - 5100/18)?
3, 31
List the prime factors of 4/((-1412)/(-352) - 4).
2, 11
Suppose -2*v = 2*a - 1342, -10*a - 1333 = -12*a + v. What are the prime factors of a?
2, 167
Let w = 78 - -279. What are the prime factors of w?
3, 7, 17
Let b(k) = 40*k + 36. Let s(a) = 16*a + 14. Let l(z) = -5*b(z) + 12*s(z). List the prime factors of l(-33).
2, 3, 7
Suppose -62 - 182 = 2*u. Let y be -4 - (2 - 4) - u. Suppose -2*j = -c - 4*c + y, 0 = -3*c + 3*j + 63. What are the prime factors of c?
2, 13
Let m(a) = -a**3 - 7*a**2. Let z be m(-8). Suppose -l - 3*p = -43, 2*l - z = 2*p + 46. Let x = 88 - l. List the prime factors of x.
2, 3
Let c(t) = -t**3 + 16*t**2 + 4*t + 2*t - 22 + 37 - t. What are the prime factors of c(16)?
5, 19
Let g be ((-15)/2)/((-6)/112). Suppose 0 = -15*v + 10*v - g. What are the prime factors of (v/6)/(8/(-36))?
3, 7
Let q(p) = 2*p + 9. Let b be 2 - (-4 - 3)/(-1). Let h be q(b). Let w = h - -6. What are the prime factors of w?
5
Let l(q) = -32*q + 2. Let i = -19 - -18. What are the prime factors of l(i)?
2, 17
Suppose 5*a + 6 = 21. Let o be 1/(a + (-14)/5). Suppose 1 = -o*g + 71. List the prime factors of g.
2, 7
Let q(g) = 48*g**2 + 4*g + 4. Let h be q(2). Let f = h + -120. What are the prime factors of f?
2, 3, 7
Suppose 4*a 